{"id":979,"date":"2013-02-18T21:12:51","date_gmt":"2013-02-18T20:12:51","guid":{"rendered":"http:\/\/ferienlager-stjosef.de\/?page_id=979"},"modified":"2023-09-24T11:26:42","modified_gmt":"2023-09-24T09:26:42","slug":"haeufige-fragen","status":"publish","type":"page","link":"https:\/\/ferienlager-stjosef.de\/?page_id=979","title":{"rendered":"H\u00e4ufige Fragen"},"content":{"rendered":"<div class=\"unter\"><\/div>\n<div class=\"unter\"> <\/div>\n<div class=\"unter\"> <\/div>\n<table width=\"100%\" border=\"0\">\n<tbody>\n<tr>\n<td colspan=\"1\" rowspan=\"1\">\n<address><a href=\"#wann\">1. An welchem Datum findet das Ferienlager St. Josef dieses Jahr statt?<\/a><\/address>\n<\/td>\n<\/tr>\n<tr>\n<td colspan=\"1\" rowspan=\"1\">\n<address><a href=\"#wer_wieviel\">2. Wer darf mitfahren und wie hoch ist der Beitrag?<\/a><\/address>\n<\/td>\n<\/tr>\n<tr>\n<td colspan=\"1\" rowspan=\"1\">\n<address><a href=\"#anmeldeprozess\">3. Wie l\u00e4uft der Anmeldeprozess ab?<\/a><\/address>\n<\/td>\n<\/tr>\n<tr>\n<td colspan=\"1\" rowspan=\"1\">\n<address><a href=\"#wohin\">4. Welche Zeltpl\u00e4tze werden besucht?<\/a><\/address>\n<\/td>\n<\/tr>\n<tr>\n<td colspan=\"1\" rowspan=\"1\">\n<address><a href=\"#unterbringung\">5. Wie ist mein Kind untergebracht?<\/a><\/address>\n<\/td>\n<\/tr>\n<tr>\n<td colspan=\"1\" rowspan=\"1\">\n<address><a href=\"#betreut\">6. Wie wird mein Kind betreut?<\/a><\/address>\n<\/td>\n<\/tr>\n<tr>\n<td colspan=\"1\" rowspan=\"1\">\n<address><a href=\"#programm\">7. Wie sieht das Programm aus?<\/a><\/address>\n<\/td>\n<\/tr>\n<tr>\n<td colspan=\"1\" rowspan=\"1\">\n<address><a href=\"#erreichen\">8. Kann ich mein Kind jederzeit erreichen?<\/a><\/address>\n<\/td>\n<\/tr>\n<tr>\n<td colspan=\"1\" rowspan=\"1\">\n<address><a href=\"#allergien\">9. Besteht die M\u00f6glichkeit, bei der Verpflegung auf Allergien\/Nahrungsmittel-Intoleranzen zu reagieren?<\/a><\/address>\n<\/td>\n<\/tr>\n<tr>\n<td colspan=\"1\" rowspan=\"1\">\n<address><a href=\"#fotos\">10. Gibt es Bilder\/Videos von der aktuellen Ferienfreizeit?<\/a><\/address>\n<\/td>\n<\/tr>\n<tr>\n<td colspan=\"1\" rowspan=\"1\">\n<address><a href=\"#traeger\">11. Wer ist der Tr\u00e4ger des Ferienlager St. Josef?<\/a><\/address>\n<\/td>\n<\/tr>\n<tr>\n<td colspan=\"1\" rowspan=\"1\">\n<address><a href=\"#seit\">12. Seit wann gibt es das Ferienlager St. Josef?<\/a><\/address>\n<\/td>\n<\/tr>\n<tr>\n<td colspan=\"1\" rowspan=\"1\">\n<address><a href=\"#betreuer\">13. Wie setzt sich die Betreuerrunde zusammen?<\/a><\/address>\n<\/td>\n<\/tr>\n<tr>\n<td colspan=\"1\" rowspan=\"1\">\n<address><a href=\"#schulungen\">14. Welche Kenntnisse und Erfahrungen haben die Betreuer im Umgang mit Kindern und Jugendlichen?<\/a><\/address>\n<\/td>\n<\/tr>\n<tr>\n<td colspan=\"1\" rowspan=\"1\">\n<address><a href=\"#fragen\">15. Ich habe noch eine Frage&#8230;<\/a><\/address>\n<\/td>\n<\/tr>\n<\/tbody>\n<\/table>\n<hr \/>\n<p><a name=\"wann\" href=\"\"> <\/a><\/p>\n<div class=\"unter\"><\/div>\n<p><strong>An welchem Datum findet das Ferienlager St. Josef dieses Jahr statt?<\/strong><\/p>\n<p>Der Termin des Ferienlagers wechselt j\u00e4hrlich und ist abh\u00e4ngig von den Sommerferien der Sch\u00fcler, Studenten (Bzw. der studierenden Betreuer) und der Verf\u00fcgbarkeit der von uns besuchten Zeltpl\u00e4tze. In der Regel fahren wir an einem Termin zwischen Ende Juli und Anfang August.<\/p>\n<p style=\"text-align:right;\"><a class=\"backtostart\" href=\"#inhalt\"><\/a><a name=\"wer_wieviel\" href=\"\">(Zur\u00fcck zur \u00dcbersicht)<\/a><a name=\"wer_wieviel\" href=\"\"><\/a><\/p>\n<div class=\"unter\"><\/div>\n<p><strong>Wer darf mitfahren und wie hoch ist der Beitrag?<\/strong><\/p>\n<p>Unser Ferienlager ist f\u00fcr Kinder und Jugendliche zwischen acht und 15 Jahren. Wir haben keinen festen Einzugskreis oder bestimmte Voraussetzungen, bei uns ist jeder Junge und jedes M\u00e4dchen willkommen. Der aktuelle Beitrag liegt bei 250 Euro pro Kind (Stand: 2018). Darin enthalten sind alle Kosten von der Hin- und R\u00fcckfahrt, \u00fcber die Verpflegung bis zu der Unterkunft auf dem Zeltplatz.<\/p>\n<p style=\"text-align:right;\"><a class=\"backtostart\" href=\"#inhalt\"><\/a><a name=\"anmeldeprozess\" href=\"\">(Zur\u00fcck zur \u00dcbersicht)<\/a><a name=\"anmeldeprozess\" href=\"\"><\/a><\/p>\n<div class=\"unter\"><\/div>\n<p><strong>Wie l\u00e4uft der Anmeldeprozess ab?<\/strong><\/p>\n<p>Sie haben die M\u00f6glichkeit ihr Kind online <a href=\"https:\/\/ferienlager-stjosef.de\/?p=248\">(direkt zur Anmeldung)<\/a> oder \u00fcber eine der an zahlreichen Stellen ausgelegten Papier-Anmeldungen anzumelden (bspw. im Pfarrb\u00fcro St. Remigius in Borken). Bei der Onlineanmeldung werden Sie per Mail \u00fcber alle weiteren Schritte informiert, die Papieranmeldung geben Sie bitte im Pfarrb\u00fcro St. Remigius ab (Papenstegge 10, Eingang: Johanniterstr. 19, 46325 Borken, Tel.: 02861\/92444-0). In jedem Fall \u00fcberweisen Sie bitte vom gesamten Teilnehmerbeitrag von 250 Euro, 50 Euro innerhalb von vier Wochen nach Abgabe der Anmeldung auf unser Konto (Die Bankdaten erhalten Sie mit der Anmeldung). Die restlichen 200 Euro \u00fcberweisen Sie bitte vor Beginn der Ferienfreizeit auf unser Konto. Eine Anmeldung ist nur g\u00fcltig, wenn die 50 Euro Anmeldegeb\u00fchr \u00fcberwiesen wurden. Zeitlich etwas versetzt, bzw. richtung Sommer, erhalten Sie einen ausf\u00fchrlichen Anmeldebogen mit Gesundheitsbogen, Packliste, etc. sowie der Einladung zum Kennenlern-Nachmittag. Dieser findet an einem Sonntag im Kapitelshaus in Borken statt. Dort lernen sich alle Teilnehmer und Betreuer kennen. Hier k\u00f6nnen die Eltern offene Fragen kl\u00e4ren und geben bitte den ausgef\u00fcllten Gesundheitsbogen ab.<\/p>\n<p>Mit Beginn der Ferienfreizeit geben Sie ihrem Kind bitte die Krankenkassenkarte (sofern gesetztlich versichert) und den Impfpass mit. Beides wird noch auf der Busfahrt von den Betreuern eingesammelt und zusammen mit dem Gesundheitsbogen eines Kindes verwahrt.<\/p>\n<p style=\"text-align:right;\"><a class=\"backtostart\" href=\"#inhalt\"><\/a><a name=\"wohin\" href=\"\">(Zur\u00fcck zur \u00dcbersicht)<\/a><a name=\"wohin\" href=\"\"><\/a><\/p>\n<div class=\"unter\"><\/div>\n<p><strong>Welche Zeltpl\u00e4tze werden besucht?<\/strong><\/p>\n<p>Unser Ferienlager f\u00e4hrt jedes Jahr einen anderen Zeltplatz in Deutschland an. Einige gute Zeltpl\u00e4tze werden \u00f6fter besucht als andere, wir versuchen jedoch auch so oft wie m\u00f6glich neue Orte auszuprobieren. Wo wir bisher \u00fcberall waren findet Ihr auf der Seite <a title=\"Rundgang und Geschichte\" href=\"https:\/\/ferienlager-stjosef.de\/?page_id=473\">Rundgang und Geschichte<\/a> sowie in der <a title=\"Mediathek\" href=\"https:\/\/ferienlager-stjosef.de\/?page_id=11\">Lagerzeitung zum 30-J\u00e4hrigen Jubil\u00e4um 2012<\/a>.<\/p>\n<p style=\"text-align:right;\"><a class=\"backtostart\" href=\"#inhalt\"><\/a><a name=\"unterbringung\" href=\"\">(Zur\u00fcck zur \u00dcbersicht)<\/a><a name=\"unterbringung\" href=\"\"><\/a><\/p>\n<div class=\"unter\"><\/div>\n<p><strong>Wie ist mein Kind untergebracht?<\/strong><\/p>\n<p>Die Teilnehmer (im Lagerjargon Grumis genannt) werden in Zeltgruppen mit gleichaltrigen Jungen oder M\u00e4dchen untergebracht. Im Vorfeld k\u00f6nnen W\u00fcnsche angegeben werden wer mit wem in eine Zeltgruppe m\u00f6chte, diese werden von uns dann so weit es m\u00f6glich ist ber\u00fccksichtigt. Die Zeltgruppengr\u00f6\u00dfe liegt je nach aktueller Teilnehmerzahl bei 4-8 Personen. Die Betreuer sowie alle n\u00f6tigen Materialien und die K\u00fcche sind ebenfalls in mehreren gro\u00dfen Zelten untergebracht, lediglich die Sanit\u00e4ren Anlagen befinden sich bei allen Pl\u00e4tzen in fest installierten H\u00e4usern.<\/p>\n<p style=\"text-align:right;\"><a class=\"backtostart\" href=\"#inhalt\"><\/a><a name=\"betreut\" href=\"\">(Zur\u00fcck zur \u00dcbersicht)<\/a><a name=\"betreut\" href=\"\"><\/a><\/p>\n<div class=\"unter\"><\/div>\n<p><strong>Wie wird mein Kind betreut?<\/strong><\/p>\n<p>Die Betreuerrunde des Ferienlagers betreut alle Grumis w\u00e4hrend des gesamten Ferienlagers. Jede Zeltgruppe hat dabei mindestens einen fest der Gruppe zugeteilten Betreuer. Dieser Betreuer ist der jeweils erste Ansprechpartner f\u00fcr die Teilnehmer und steht ihnen bei jeglichen Fragen und Problemen zur Seite. Alle anderen Betreuer und die Freizeitleitung k\u00f6nnen aber selbstverst\u00e4ndlich auch jederzeit angesprochen werden.<\/p>\n<p style=\"text-align:right;\"><a class=\"backtostart\" href=\"#inhalt\"><\/a><a name=\"programm\" href=\"\">(Zur\u00fcck zur \u00dcbersicht)<\/a><a name=\"programm\" href=\"\"><\/a><\/p>\n<div class=\"unter\"><\/div>\n<p><strong>Wie sieht das Programm aus?<\/strong><\/p>\n<p>In den 14 Ferienlagertagen stehen verschiedene Spiele und Shows auf dem Programm. Der Tag ist dabei in einen Vormittags-, Nachmittags-, und Abendblock eingeteilt. Die einzelnen Programmpunkte werden jeweils durch eine Mahlzeit sowie Pausen unterbrochen. Unser Ferienlager wird jedes Jahr neu geplant. Das hei\u00dft, wir bieten jedes Jahr einen neuen Programmablauf mit neuen Spielen und Shows und richten uns nach den Gegebenheiten des Zeltplatzes. Auf dem Programm stehen Gel\u00e4ndespiele wie das Chaosspiel, Laufspiele wie zum Beispiel der Stationslauf und Abendshows wie &#8222;Die Perfekte Minute&#8220; oder &#8222;Schlagt die Leiter&#8220;. Ein Highlight eines jeden Lagers ist der Thementag und nat\u00fcrlich das Sch\u00fctzenfest mit anschlie\u00dfender Disco (und nat\u00fcrlich das Raten was wohl am n\u00e4chsten Tag spannendes auf dem Programm steht \ud83d\ude09 ) Weitere Informationen dazu finden sich unter <a href=\"https:\/\/ferienlager-stjosef.de\/?page_id=9\">&#8222;Lagerleben&#8220;.<\/a><\/p>\n<p style=\"text-align:right;\"><a class=\"backtostart\" href=\"#inhalt\"><\/a><a name=\"erreichen\" href=\"\">(Zur\u00fcck zur \u00dcbersicht)<\/a><a name=\"erreichen\" href=\"\"><\/a><\/p>\n<div class=\"unter\"><\/div>\n<p><strong>Kann ich mein Kind jederzeit erreichen?<\/strong><\/p>\n<p>Ja, die Grumis k\u00f6nnen w\u00e4hrend des Lagers per Post mit ihren Verwandten oder Freunden kommunizieren. Im &#8222;Store&#8220; werden dazu Briefmarken und Postkarten verkauft, Stifte und Zettel k\u00f6nnen bei Bedarf auch vom Lagerinventar geliehen werden. In den vergangenen Jahren hat sich herausgestellt das Mobiltelefone der Grumis nicht geeignet sind f\u00fcr die Ferienlager-Gemeinschaft, wir bitten daher davon abzusehen den Teilnehmern Handys mitzugeben um etwaige Besch\u00e4digungen oder Neid und Heimweh zu vermeiden. F\u00fcr wirkliche Notf\u00e4lle k\u00f6nnen Sie die Betreuer 24 Stunden \u00fcber die im Anmeldebogen angegebene Handynummer erreichen. Um die Gemeinschaft des Lagers nicht zu st\u00f6ren besuchen Sie ihr Kind w\u00e4hrend des Ferienlagers bitte nicht.<\/p>\n<p style=\"text-align:right;\"><a class=\"backtostart\" href=\"#inhalt\"><\/a><a name=\"allergien\" href=\"\">(Zur\u00fcck zur \u00dcbersicht)<\/a><a name=\"allergien\" href=\"\"><\/a><\/p>\n<div class=\"unter\"><\/div>\n<p><strong>Besteht die M\u00f6glichkeit, bei der Verpflegung auf Allergien\/Nahrungsmittel-Intoleranzen zu reagieren?<\/strong><\/p>\n<p>Grunds\u00e4tzlich versuchen wir, auf jede Allergie oder Anforderung im Bereich der Ferienlager-K\u00fcche R\u00fccksicht zu nehmen, bspw. beim Verzicht auf Fleisch oder Schweinefleisch. Allergien, etwa gegen N\u00fcsse oder eine Fructose-Intoleranz stellten in der Vergangenheit weiterhin bspw. kein Problem dar. Aufgrund begrenzter Ressourcen und einer gro\u00dfen Teilnehmerzahl k\u00f6nnen wir jedoch nicht auf sehr spezielle Sonderw\u00fcnsche eingehen. Bitte vermerken Sie Allergien oder Intoleranzen aber in jedem Fall auf dem Gesundheitsbogen (siehe &#8222;Wie l\u00e4uft der Anmeldeprozess ab?&#8220;). F\u00fcr genauere Informationen sprechen Sie uns gerne an.<\/p>\n<p style=\"text-align:right;\"><a class=\"backtostart\" href=\"#inhalt\"><\/a><a name=\"fotos\" href=\"\">(Zur\u00fcck zur \u00dcbersicht)<\/a><a name=\"fotos\" href=\"\"><\/a><\/p>\n<div class=\"unter\"><\/div>\n<p><strong>Gibt es Bilder\/Videos von der aktuellen Ferienfreizeit?<\/strong><\/p>\n<p>Ein Fotodienst innerhalb der Betreuerrunde fertigt \u00fcber die gesamten 14 Tage Bilder und Videos an, die jedes Kind im Anschluss auf CD erh\u00e4lt. Am Fotonachmittag Richtung Herbst laden wir erneut per Prief alle Teilnehmer ein und schauen uns gemeinsam mit Eltern und Betreuern den aktuellen &#8222;Lagerfilm&#8220; und die Fotoshow an. Im Anschluss gibt es f\u00fcr jeden Teilnehmer die Lagerzeitung <em>Lagerbote <\/em><a href=\"https:\/\/ferienlager-stjosef.de\/?page_id=11\">(zum Archiv)<\/a> und alle Fotos und Videos auf CD zum mitnehmen. Wir verwenden im Anschluss des aktuellen Ferienlagers lediglich eine Auswahl der Fotos zu Werbezwecken (bspw. auf Plakaten). Es werden weder alle Fotos\/Videos noch andere Teilnehmerdaten im Internet von uns ver\u00f6ffentlicht.<\/p>\n<p style=\"text-align:right;\"><a class=\"backtostart\" href=\"#inhalt\"><\/a><a name=\"traeger\" href=\"\">(Zur\u00fcck zur \u00dcbersicht)<\/a><a name=\"traeger\" href=\"\"><\/a><\/p>\n<div class=\"unter\"><\/div>\n<p><strong>Wer ist der Tr\u00e4ger des Ferienlager St. Josef?<\/strong><\/p>\n<p>Das Ferienlager St. Josef ist eine Ferienfreizeit der Propsteigemeinde St. Remigius in Borken.<\/p>\n<p>Pfarrb\u00fcro St. Remigius<br \/>\nPapenstegge 10 (Eingang: Johanniterstr. 19)<br \/>\n46325 Borken<\/p>\n<p>Tel.: 02861\/92444-0<br \/>\nFax: 02861\/92444-50<\/p>\n<p style=\"text-align:right;\"><a class=\"backtostart\" href=\"#inhalt\"><\/a><a name=\"seit\" href=\"\">(Zur\u00fcck zur \u00dcbersicht)<\/a><a name=\"seit\" href=\"\"><\/a><\/p>\n<div class=\"unter\"><\/div>\n<p><strong>Seit wann gibt es das Ferienlager St. Josef?<\/strong><\/p>\n<p>Gegr\u00fcndet wurde das Ferienlager St. Josef 1982 als Erste und Einzige Ferienfreizeit der damaligen St. Josefs Gemeinde im Osten Borkens (Heute Jugendhaus\/VHS-Forum). Seit gut 30 Jahren fahren wir bereits verschiedene Zeltpl\u00e4tze der Republik an (eine Liste findet sich <a title=\"Rundgang und Geschichte\" href=\"https:\/\/ferienlager-stjosef.de\/?page_id=473\">hier<\/a>) und bieten dabei rund 60 Grumis jedes Jahr aufs Neue 14 spannende Tage im Zelt und in einer tollen Gemeinschaft. Viele Grumis halten uns \u00fcber Jahre die Treue und fahren oftmals mehrere Jahre in Folge mit uns in die Ferien. Mehr Informationen zur Geschichte des Lagers finden Sie auf unserer <a title=\"30 J\u00e4hriges Jubil\u00e4um 2012\" href=\"https:\/\/ferienlager-stjosef.de\/?page_id=897\">Spezialseite zum 30-j\u00e4hrigen Jubil\u00e4um 2012.<\/a><\/p>\n<p style=\"text-align:right;\"><a class=\"backtostart\" href=\"#inhalt\"><\/a><a name=\"betreuer\" href=\"\">(Zur\u00fcck zur \u00dcbersicht)<\/a><a name=\"betreuer\" href=\"\"><\/a><\/p>\n<div class=\"unter\"><\/div>\n<p><strong>Wie setzt sich die Betreuerrunde zusammen?<\/strong><\/p>\n<p>Die Betreuerrunde des Ferienlagers setzt sich aus Auszubildenden, Studenten, Berufst\u00e4tigen und Sch\u00fclern im Alter zwischen 18 und 30 Jahren zusammen. Alle Beteiligten verrichten ihre Arbeit ehrenamtlich und erhalten kein Geld daf\u00fcr. Die gesamte Betreuerrunde findet sich auf der Seite <a title=\"Betreuer\" href=\"https:\/\/ferienlager-stjosef.de\/?page_id=10\">Betreuer.<\/a><\/p>\n<p style=\"text-align:right;\"><a class=\"backtostart\" href=\"#inhalt\"><\/a><a name=\"schulungen\" href=\"\">(Zur\u00fcck zur \u00dcbersicht)<\/a><a name=\"schulungen\" href=\"\"><\/a><\/p>\n<div class=\"unter\"><\/div>\n<p><strong>Welche Kenntnisse und Erfahrungen haben die Betreuer im Umgang mit Kindern und Jugendlichen?<\/strong><\/p>\n<p>Unsere gesamte Betreuerrunde wurde in den vergangenen Jahren merhrmals u.a. durch das Bistum M\u00fcnster geschult. Die auch weiterhin stattfindenden Schulungen umfassen den klassischen Erste-Hilfe-Kurs, P\u00e4dagogische- und Gruppendynamische Inhalte sowie den Schutz von Kindern und Jugendlichen.<\/p>\n<p style=\"text-align:right;\"><a class=\"backtostart\" href=\"#inhalt\"><\/a><a name=\"fragen\" href=\"\">(Zur\u00fcck zur \u00dcbersicht)<\/a><a name=\"fragen\" href=\"\"><\/a><\/p>\n<div class=\"unter\"><\/div>\n<p><strong>Ich habe noch eine Frage&#8230;<\/strong><\/p>\n<p>Kein Problem! Dann wenden Sie sich gerne an uns.<br \/>\nAnsprechpartner f\u00fcr alle weiteren Fragen ist Elias Niemeyer als Freizeitleitung. Sie erreichen ihn \u00fcber das <a title=\"Kontakt\" href=\"https:\/\/ferienlager-stjosef.de\/?page_id=336\">Kontaktformular<\/a> auf unserer Webseite oder \u00fcber das <a title=\"Kontakt\" href=\"https:\/\/ferienlager-stjosef.de\/?page_id=979#traeger\">Pfarrb\u00fcro St. Remigius.<\/a><\/p>\n<p style=\"text-align:right;\"><a class=\"backtostart\" href=\"#inhalt\">(Zur\u00fcck zur \u00dcbersicht)<\/a><\/p>\n","protected":false},"excerpt":{"rendered":"<p>1. An welchem Datum findet das Ferienlager St. Josef dieses Jahr statt? 2. Wer darf mitfahren und wie hoch ist der Beitrag? 3. Wie l\u00e4uft der Anmeldeprozess ab? 4. Welche Zeltpl\u00e4tze werden besucht? 5. Wie ist mein Kind untergebracht? 6. Wie wird mein Kind betreut? 7. Wie sieht das Programm aus? 8. Kann ich mein<br \/><a class=\"moretag\" href=\"https:\/\/ferienlager-stjosef.de\/?page_id=979\">+ Read More<\/a><\/p>\n","protected":false},"author":2,"featured_media":0,"parent":9,"menu_order":0,"comment_status":"open","ping_status":"closed","template":"","meta":{"ngg_post_thumbnail":0,"footnotes":""},"class_list":["post-979","page","type-page","status-publish","hentry"],"_links":{"self":[{"href":"https:\/\/ferienlager-stjosef.de\/index.php?rest_route=\/wp\/v2\/pages\/979","targetHints":{"allow":["GET"]}}],"collection":[{"href":"https:\/\/ferienlager-stjosef.de\/index.php?rest_route=\/wp\/v2\/pages"}],"about":[{"href":"https:\/\/ferienlager-stjosef.de\/index.php?rest_route=\/wp\/v2\/types\/page"}],"author":[{"embeddable":true,"href":"https:\/\/ferienlager-stjosef.de\/index.php?rest_route=\/wp\/v2\/users\/2"}],"replies":[{"embeddable":true,"href":"https:\/\/ferienlager-stjosef.de\/index.php?rest_route=%2Fwp%2Fv2%2Fcomments&post=979"}],"version-history":[{"count":9,"href":"https:\/\/ferienlager-stjosef.de\/index.php?rest_route=\/wp\/v2\/pages\/979\/revisions"}],"predecessor-version":[{"id":3060,"href":"https:\/\/ferienlager-stjosef.de\/index.php?rest_route=\/wp\/v2\/pages\/979\/revisions\/3060"}],"up":[{"embeddable":true,"href":"https:\/\/ferienlager-stjosef.de\/index.php?rest_route=\/wp\/v2\/pages\/9"}],"wp:attachment":[{"href":"https:\/\/ferienlager-stjosef.de\/index.php?rest_route=%2Fwp%2Fv2%2Fmedia&parent=979"}],"curies":[{"name":"wp","href":"https:\/\/api.w.org\/{rel}","templated":true}]}}